{"id":6,"date":"2019-05-21T12:56:25","date_gmt":"2019-05-21T12:56:25","guid":{"rendered":"https:\/\/serfilco.realdot.de\/?page_id=6"},"modified":"2020-09-22T21:38:46","modified_gmt":"2020-09-22T21:38:46","slug":"startseite","status":"publish","type":"page","link":"https:\/\/serfilco.de\/wordpress\/","title":{"rendered":"Startseite"},"content":{"rendered":"<p>[vc_row][vc_column width=&#8220;1\/3&#8243; css=&#8220;.vc_custom_1576487114594{padding-right: 5px !important;padding-left: 5px !important;}&#8220;][services_medium style=&#8220;style_3&#8243; icon_bool=&#8220;image&#8220; icon_color=&#8220;#ffffff&#8220; circle_color=&#8220;#ffffff&#8220; border_color=&#8220;#ffffff&#8220; image=&#8220;918&#8243;][\/services_medium][vc_column_text]<\/p>\n<h3 style=\"text-align: left;\">Aktivkohle-Bypass<\/h3>\n<p class=\"p1\"><span class=\"s1\"><b>SERFILCO<\/b><\/span><span class=\"s2\"><b><sup>\u00ae<\/sup><\/b><\/span><span class=\"s1\"><b> <\/b>hat f\u00fcr die wirtschaftliche Aktivkohlebehandlung das sog. Bypass-Verfahren ma\u00dfgeblich entwickelt. Die Adsorption von organischen Stoffen erfolgt am effektivsten bei niedrigen Str\u00f6mungsgeschwindigkeiten. Serfilco bietet effektive Filtersysteme mit einem Hauptfilter f\u00fcr z.B. Filterkerzen und einem parallelen Beh\u00e4lter mit Aktivkohle. W\u00e4hrend der Hauptr\u00fccklauf direkt in den Tank zur\u00fcckgef\u00fchrt wird, erm\u00f6glicht ein manuell steuerbarer Hahn zwischen den Beh\u00e4ltern, einen Teil der sauberen L\u00f6sung kontrolliert bei entsprechend langsamer Str\u00f6mung \u00fcber die Aktivkohle zu f\u00fchren (Bypass).<\/span><\/p>\n<p class=\"p1\"><span class=\"s1\">Dieses innovative <b>SERFILCO<\/b><\/span><span class=\"s2\"><b><sup>\u00ae<\/sup><\/b><\/span><span class=\"s1\"> Design verhindert Ausfallzeiten, die arbeitsintensive <\/span><span class=\"s1\">Behandlungen mit Aktivkohlepulver, macht den Einsatz von meist teuren Kohlekerzen \u00fcberfl\u00fcssig und verhindert dar\u00fcber hinaus einen unn\u00f6tigen Verlust an Chemikalien.<\/span><\/p>\n<p>[\/vc_column_text][\/vc_column][vc_column width=&#8220;1\/3&#8243; css=&#8220;.vc_custom_1576487126499{padding-right: 5px !important;padding-left: 5px !important;}&#8220;][services_medium style=&#8220;style_3&#8243; icon_bool=&#8220;image&#8220; image=&#8220;919&#8243;][\/services_medium][vc_column_text]<\/p>\n<h3 style=\"text-align: left;\">SerDuctor<sup>\u00ae<\/sup>-Badbewegungssysteme ohne Luft<\/h3>\n<p class=\"p1\"><span class=\"s1\"><b>SERFILCO<\/b><\/span><span class=\"s2\"><b><sup>\u00ae<\/sup><\/b><\/span><span class=\"s3\"> z\u00e4hlt zu den Pionieren bei der Badbewegung ohne Luft. Die kontinuierliche Badumw\u00e4lzung mit SerDuctor-Badbewegungs\u00adsystemen bietet unbestrittene, wirtschaftliche<span class=\"Apple-converted-space\">\u00a0 <\/span>Vorteile, wie z.B. eine sehr homogene Temperaturverteilung im Bad, Reduzierung von Ausschuss (kein Anhaften v. Luftbl\u00e4schen), erhebliche Energieeinsparung (deutlich weniger W\u00e4rmeverluste an der Oberfl\u00e4che der Fl\u00fcssigkeiten), h\u00f6here Stromst\u00e4rken (k\u00fcrzere Taktung), Reduzierung von Emissionen (weniger Belastung der Abluftw\u00e4scher).<\/span><\/p>\n<p class=\"p1\"><span class=\"s3\">Mit mehreren tausend umgesetzter Projekte geh\u00f6rt <\/span><span class=\"s1\"><b>SERFILCO<\/b><\/span><span class=\"s2\"><b><sup>\u00ae<\/sup><\/b><\/span><span class=\"s3\"> zu den weltweit f\u00fchrenden Experten f\u00fcr die fortschrittliche und effiziente Badbewegung ohne Luft.<\/span><\/p>\n<p>[\/vc_column_text][\/vc_column][vc_column width=&#8220;1\/3&#8243; css=&#8220;.vc_custom_1576487136954{padding-right: 5px !important;padding-left: 5px !important;}&#8220;][services_medium style=&#8220;style_3&#8243; icon_bool=&#8220;image&#8220; image=&#8220;920&#8243;][\/services_medium][vc_column_text]<\/p>\n<h3 style=\"text-align: left;\">Vollautomatische Filtersysteme<\/h3>\n<p class=\"p1\"><span class=\"s1\">F\u00fcr die effiziente Filtration insbesondere gro\u00dfer Volumen bis 110m\u00b3\/h bietet <\/span><span class=\"s2\"><b>SERFILCO<\/b><\/span><span class=\"s3\"><b><sup>\u00ae<\/sup><\/b><\/span><span class=\"s1\"> mit der TITAN-Serie<span class=\"Apple-converted-space\">\u00a0 <\/span>vollautomatisch steuer- und r\u00fccksp\u00fclbare Filtersysteme.<\/span><\/p>\n<p class=\"p2\"><span class=\"s2\">Die konstant hohen Filterraten der TITAN-Baureihe garantieren eine gleichbleibend hohe Qualit\u00e4t des Filtrates, sowohl bei weniger als auch bei stark schmutzerzeugenden Prozessen.<\/span><\/p>\n<p class=\"p2\"><span class=\"s2\">Die r\u00fccksp\u00fclf\u00e4higen TITAN-Filtersysteme eignen sich zur permanenten Filtration von galvanischen Prozessb\u00e4dern, Reinigungsl\u00f6sungen und behandelten Abw\u00e4ssern. Die Verwendung von permanenten Filtermedien und der vollautomatische, nahezu wartungsfreie<span class=\"Apple-converted-space\">\u00a0 <\/span>Betrieb reduzieren die laufenden Betriebskosten drastisch.<\/span><\/p>\n<p>[\/vc_column_text][\/vc_column][\/vc_row][vc_row][vc_column][vc_text_separator title=&#8220;Produkte&#8220; title_align=&#8220;separator_align_left&#8220;][\/vc_column][\/vc_row][vc_row][vc_column width=&#8220;1\/4&#8243;][media image=&#8220;924&#8243;][vc_column_text]<\/p>\n<h3 style=\"text-align: center;\"><strong>Vertikale Pumpen<\/strong><\/h3>\n<p style=\"text-align: center;\">(dichtungslos, bis 75m\u00b3\/h)<\/p>\n<p>[\/vc_column_text][\/vc_column][vc_column width=&#8220;1\/4&#8243;][media image=&#8220;922&#8243;][vc_column_text]<\/p>\n<h3 style=\"text-align: center;\"><strong>Magnetgekuppelte Pumpen<\/strong><\/h3>\n<p style=\"text-align: center;\">(dichtungslos, bis 160 \u00b0C)<\/p>\n<p>[\/vc_column_text][\/vc_column][vc_column width=&#8220;1\/4&#8243;][media image=&#8220;923&#8243;][vc_column_text]<\/p>\n<h3 style=\"text-align: center;\"><strong>Selbstansaugende Pumpen<\/strong><\/h3>\n<p>[\/vc_column_text][\/vc_column][vc_column width=&#8220;1\/4&#8243;][media image=&#8220;1229&#8243;][vc_column_text]<\/p>\n<h3 style=\"text-align: center;\">Filtersysteme<\/h3>\n<p>[\/vc_column_text][\/vc_column][\/vc_row][vc_row][vc_column][vc_text_separator title=&#8220;Aktuelle News&#8220; title_align=&#8220;separator_align_left&#8220;][recent_news posts_per_page=&#8220;3&#8243; dynamic_from_where=&#8220;cat&#8220; dynamic_cat=&#8220;1&#8243;][\/vc_column][\/vc_row][vc_row][vc_column][vc_text_separator title=&#8220;Unsere Kunden&#8220; title_align=&#8220;separator_align_left&#8220;][clients][\/vc_column][\/vc_row]<\/p>\n","protected":false},"excerpt":{"rendered":"<p>[vc_row][vc_column width=&#8220;1\/3&#8243; css=&#8220;.vc_custom_1576487114594{padding-right: 5px !important;padding-left: 5px !important;}&#8220;][services_medium style=&#8220;style_3&#8243; icon_bool=&#8220;image&#8220; icon_color=&#8220;#ffffff&#8220; circle_color=&#8220;#ffffff&#8220; border_color=&#8220;#ffffff&#8220; image=&#8220;918&#8243;][\/services_medium][vc_column_text] Aktivkohle-Bypass SERFILCO\u00ae hat f\u00fcr die wirtschaftliche Aktivkohlebehandlung das sog. Bypass-Verfahren ma\u00dfgeblich entwickelt. Die Adsorption von organischen Stoffen erfolgt am effektivsten bei niedrigen Str\u00f6mungsgeschwindigkeiten. Serfilco bietet effektive Filtersysteme mit einem Hauptfilter f\u00fcr z.B. Filterkerzen und einem parallelen Beh\u00e4lter mit Aktivkohle. W\u00e4hrend der Hauptr\u00fccklauf [&hellip;]<\/p>\n","protected":false},"author":1,"featured_media":0,"parent":0,"menu_order":0,"comment_status":"closed","ping_status":"closed","template":"","meta":[],"_links":{"self":[{"href":"https:\/\/serfilco.de\/wordpress\/wp-json\/wp\/v2\/pages\/6"}],"collection":[{"href":"https:\/\/serfilco.de\/wordpress\/wp-json\/wp\/v2\/pages"}],"about":[{"href":"https:\/\/serfilco.de\/wordpress\/wp-json\/wp\/v2\/types\/page"}],"author":[{"embeddable":true,"href":"https:\/\/serfilco.de\/wordpress\/wp-json\/wp\/v2\/users\/1"}],"replies":[{"embeddable":true,"href":"https:\/\/serfilco.de\/wordpress\/wp-json\/wp\/v2\/comments?post=6"}],"version-history":[{"count":20,"href":"https:\/\/serfilco.de\/wordpress\/wp-json\/wp\/v2\/pages\/6\/revisions"}],"predecessor-version":[{"id":1239,"href":"https:\/\/serfilco.de\/wordpress\/wp-json\/wp\/v2\/pages\/6\/revisions\/1239"}],"wp:attachment":[{"href":"https:\/\/serfilco.de\/wordpress\/wp-json\/wp\/v2\/media?parent=6"}],"curies":[{"name":"wp","href":"https:\/\/api.w.org\/{rel}","templated":true}]}}